termine u(2).
-10
Let a = 8 + -6. Let n(g) be the second derivative of -g**4/12 + g**2/2 - 2*g. What is n(a)?
-3
Let w(z) be the third derivative of z**6/120 + z**4/24 + z**3/2 - 2*z**2. Determine w(0).
3
Let n(w) = -13*w**2 + 3*w - 17. Let d(h) = -7*h**2 + h - 9. Let m(o) = -11*d(o) + 6*n(o). Let y(v) = -3*v - 19. Let f be y(-8). Calculate m(f).
7
Let z(t) = -t**2 + 12. Let m be (-24)/5 - (-1)/(-5). Let g(k) = 1 - 14 + 2*k**2 - 2*k**2 + k**2. Let u(o) = m*g(o) - 6*z(o). Determine u(0).
-7
Let d(h) = -5*h**3 + 96 - 95 + 4*h**3 + 5*h - 3*h**2. Give d(-4).
-3
Let b(i) be the first derivative of i**2 - i + 4. Let t be b(3). Let v(p) = p - 12. Calculate v(t).
-7
Suppose c - 1 = -j, 19*j = -c + 24*j + 31. Let l(a) be the third derivative of -a**4/12 + 7*a**3/6 + 2*a**2. What is l(c)?
-5
Let n(r) = -r**2 + 7*r - 1. Let q be n(6). Let u(p) = -3*p**2 - 5*p - 6. Let m(o) = 3 + o**2 - 4 + 2. Let c(d) = -4*m(d) - u(d). Give c(q).
2
Let q(x) = -x**3 - 4*x**2 + 2*x + 2. Let g(o) be the second derivative of o**5/20 - o**4/2 - 3*o**3/2 + 5*o**2 + 3*o. Let f be g(7). Determine q(f).
-6
Let t(y) = -y**2 - 6*y + 4. Let o be t(-5). Let m = o - 5. Let n(k) = -6. Let x(s) = -s - 12. Let j(b) = 5*n(b) - 2*x(b). Calculate j(m).
2
Let k(d) = -3*d**2 + 3*d - 3. Let r(q) = q**3 - q. Suppose s = -2*s + 3. Let u(g) = s*r(g) + k(g). What is u(3)?
3
Let d be 5/(3 + -23) + (-42)/(-8). Let k(g) be the first derivative of g**2/2 - 7*g + 2. What is k(d)?
-2
Let r be 1/((-9)/(-6) - 1). Let n(y) = -y**2 + 4*y + 5. Let j be n(5). Let b(a) = j*a + r*a + 3*a. Give b(-1).
-5
Let r(b) = -b**2 + 2*b + 4. Let n be r(4). Let x(m) be the first derivative of -m**4/4 - 5*m**3/3 - m**2 - 5*m - 7. What is x(n)?
-13
Suppose 4*v - 12 = -s - 0*v, 5*s = -3*v + 9. Let b(u) be the third derivative of -u**6/120 + u**5/60 + u**4/24 - 3*u**3/2 + u**2. Calculate b(s).
-9
Let y(d) = -d**2 - 2*d + 1. Let g be 1/5 - (-44)/(-20). Give y(g).
1
Let h(u) be the second derivative of -u**4/12 + u**3/6 - 3*u**2 - 20*u. Calculate h(0).
-6
Let l(v) = v**2 - 3*v + 2. Let i be (-25)/10*(-12)/10. Suppose 0 = i*p - 6. Give l(p).
0
Let g(c) = 3*c**2 - c - 2. Suppose -5*w + 19 = -m, -3*m - 15 = -4*w + 3*w. Let l = -2 - m. What is g(l)?
8
Let q(o) = -2*o - 1. Suppose -c - 2 - 1 = 0. Let i(w) = 2*w**2 - 2. Let a be i(c). Suppose 4*s - 3*k + a = -k, -16 = 2*s - 5*k. Determine q(s).
5
Suppose 11 = 2*v + 3. Let k(d) be the third derivative of 1/24*d**4 - 5/6*d**3 + 0*d - 4*d**2 + 0. Calculate k(v).
-1
Let q(o) = -2*o**2 - 2*o + 2. Let h be (-4)/(-6)*(-9)/2. Let g be ((-12)/5 - h)*5. Suppose k + g = 0, n - 13 = 6*n + k. What is q(n)?
-2
Let z(s) = -2*s**3 - 8*s**2 + 3. Let a(d) = 3*d**3 + 15*d**2 - 6. Let q(k) = 3*a(k) + 5*z(k). Determine q(5).
-3
Let w(f) = -7*f + 2. Let i be w(-1). Let b = 13 - i. Let q(r) = 2*r**2 - 5*r. Determine q(b).
12
Suppose 2*i - 2 = -3*z, -3 + 1 = -2*i. Let f(p) be the third derivative of p**4/24 - p**3/2 - 13*p**2. Calculate f(z).
-3
Let i(o) be the third derivative of o**4/8 + o**3/6 - 13*o**2. What is i(-2)?
-5
Suppose -m + 3*l = -l - 11, -2*m = -l - 1. Let r(w) be the second derivative of -w**4/4 + w**3/3 + w**2/2 + 7*w. Give r(m).
-4
Let f(y) = y**3 - 3*y**2 - 2*y + 1. Let n be (5 - 4)*0/2. Let o be -4 - -4 - (n - 1). Suppose -10 + o = -3*i. Determine f(i).
-5
Let m(f) = 5*f - f**2 + 5*f**2 - 3*f**2 - 5. Let c = -11 - -6. Calculate m(c).
-5
Suppose 3*k = 4*d - 26, -3 - 1 = 2*k. Let h(r) = r**3 - 6*r**2 + 6*r. Determine h(d).
5
Let r = -13 + 15. Let z(b) = 4*b - 1. Let s(k) be the third derivative of k**4/6 - k**3/3 - 2*k**2. Let y(x) = r*s(x) - 3*z(x). What is y(2)?
-9
Let m = -15 + 11. Let b(p) = 4*p + 1. Determine b(m).
-15
Let u(r) = -r + 18. Let t be u(18). Let v(x) = x + 9. Calculate v(t).
9
Suppose 5*t - 9 + 4 = 0. Let w(a) = -a**2 + 1. Give w(t).
0
Let h be 9/6*3*-12. Let t be (-12)/h - 2/9. Suppose c = -o + 2 - 11, t = 2*o - 2*c + 2. Let d(j) = -j**2 - 3*j + 7. Calculate d(o).
-3
Let c(z) = 6*z**2 - 15 - z**3 - 5*z + 21 - 10. Let g be -5*3/(15/(-4)). Give c(g).
8
Let l(u) be the first derivative of u**3/2 - 5*u**2/2 + u - 6. Let v(o) be the first derivative of l(o). Determine v(5).
10
Let j(h) = h**2 - 2*h. Let y = 11 - 6. Let i = y - 2. What is j(i)?
3
Let o(x) = -x - 5. Let v be (10/(-6))/(3/9). Give o(v).
0
Let u(l) = -14*l**2 + 3*l + 4. Let f(v) = 28*v**2 - 7*v - 9. Let h(r) = 4*f(r) + 9*u(r). What is h(1)?
-15
Let v(j) = 2*j**2 + 2*j - 1. Suppose 6*t - 3 = 3. What is v(t)?
3
Let i(o) = o**2 + o. Let b be 11 + -7 + 6/(-2). Determine i(b).
2
Let x = 59 - 57. Let m(r) = -r**3 + r**2 - 2*r + 3. Determine m(x).
-5
Let v(z) be the second derivative of -2*z**3/3 + z**2/2 - 30*z. Calculate v(-1).
5
Let h be 6/(-3)*(-45)/(-18). Let q(s) = -s**2 + 7*s + 5. Let o(w) = -5*w**2 + 29*w + 20. Let b(j) = -2*o(j) + 9*q(j). Give b(h).
5
Suppose -o = -5*o + 8. Let d(v) = -3*v**3 + 4 + 2*v**3 + 2*v**3 + v**o. Suppose -2*h + h = 0. Calculate d(h).
4
Suppose -36 = -4*k + 2*x - 6, 5*k + 2*x - 24 = 0. Let z be -3*(1 - 16/k). Suppose 0*m - 15 = z*m. Let o(v) = v**2 + 2*v - 1. Determine o(m).
2
Let y(q) = -q + 8. Let t = -13 + 13. Give y(t).
8
Let a be 16/7 + (-2)/7. Suppose 2*h - 8 = -3*g + 2, -2*h + g + 18 = 0. Let q(c) = c**3 - c**3 - 4*c**2 + a*c**3 + h*c + 7 - 3*c**3. Determine q(-5).
-8
Let i(n) = -n + 1 + 3*n + 0*n. Let p be -2 - ((2 - 5) + 3). Calculate i(p).
-3
Let u(i) be the second derivative of -i**3/6 - 5*i**2/2 - i. Let f be u(-4). Let x(m) = 2*m**2 - m - 2*m - 4*m**3 + 1 + 5*m. Give x(f).
5
Let s = 108 + -100. Let q(c) = -c**3 + 9*c**2 - 9*c + 12. Give q(s).
4
Let o(u) be the third derivative of -u**4/24 - 2*u**3/3 + 2*u**2. Suppose -4*n = -3*n + q + 6, -4*q = -3*n - 18. Give o(n).
2
Let y = -9/2 + 5. Let b(d) be the third derivative of 1/120*d**6 + 0*d + 1/24*d**4 + 1/20*d**5 - 2*d**2 + 0 + y*d**3. Calculate b(-3).
0
Let q(w) = 4 + 0 - 9 - w. Calculate q(-10).
5
Let d(a) = -a**2 + 7*a + 2. Let m be d(7). Let t = 5 - 3. Let h(z) = z**t + 2*z**2 - z**2. Give h(m).
8
Suppose 4*o = a - 6, 1 = -2*a - o - 5. Let t(u) = -2 + 3 - 3*u**2 + 2*u - 4*u. Determine t(a).
-7
Let r(j) = 3*j + j**2 - 4 + j - j + 2*j. Let l = -15 - -9. Give r(l).
2
Suppose 2*t - d = 11, 3*t + 3*d + 1 + 5 = 0. Let w(a) = -2 - 4*a**3 + t*a**3 + 9*a - 3*a + 5*a**2. Calculate w(6).
-2
Let v be (-4)/(-6)*138/(-2). Let q be (-10)/(-15) + v/6. Let y = 2 + q. Let h(c) = c**3 + 6*c**2 + 5*c + 3. What is h(y)?
3
Suppose -5*g + 17 = -0*s + 3*s, 5*g + 1 = -s. Let n = -15 + s. Let l(c) be the first derivative of c**3/3 + 3*c**2 - 7*c + 3. Determine l(n).
-7
Let p(i) = -i**3 + 17. Let z(j) = -j**3 - 2*j**2 + 2*j - 3. Let k be z(-3). Give p(k).
17
Let t(i) = i - 2. Let c(j) = -2*j + 3. Let x(a) = -2*c(a) - 3*t(a). Calculate x(-5).
-5
Let r(t) = 2*t**2 - 2*t - 1. Let u be -1 + 5/((-15)/(-9)). What is r(u)?
3
Let m(i) = 4*i**2 + 2*i - 1. Let o(y) be the first derivative of -1 - 5/2*y**2 - 5*y + 1/3*y**3. Let k be o(6). Determine m(k).
5
Suppose -r - 23 = -5*j, -2*r + 2*j = 23 - 9. Let s(k) = -k**3 - 4*k**2 + 1. Give s(r).
-8
Suppose 1 = -3*y + 5*c - 1, y - 5*c = 6. Let h(v) = -2*v. Calculate h(y).
8
Let f(u) = u**2 - 3*u - 7. Let r(j) = j + 14. Let x be r(-7). Let w = 12 - x. What is f(w)?
3
Let x(b) = -2*b + 1. Suppose 38 = -4*t + 5*q + 10, -3*q = t - 10. What is x(t)?
5
Let z(h) = h**2 - 3*h + 4. Let i(j) = -j**3 - 20*j**2 + 21*j + 6. Let l be i(-21). Determine z(l).
22
Let p(j) = -3*j**2 + j - 3. Let n(z) = -4*z**2 + z - 4. Let b(o) = 4*n(o) - 5*p(o). Suppose 5*d = -0*d. Let v = d - 0. What is b(v)?
-1
Let k(n) = -n. Let j(g) = -g**2 - 4*g + 7. Let z be j(-6). Determine k(z).
5
Let r(k) be the first derivative of -k**4/4 + 7*k**3/3 - 7*k**2/2 - 1. Let y be 2/(6/(-9))*4/(-2). What is r(y)?
-6
Let b(s) = s**3 + 6*s**2 + 5*s + 1. Let x be b(-5). Let j be x/((-2)/6) + 8. Let z(y) = -y**3 + 5*y**2 - 4. Calculate z(j).
-4
Let q(g) = 17*g**2 - 1. Let m be ((-4)/8*1)/(2/(-4)). What is q(m)?
16
Let l(c) = c - 3. Let d be l(5). Let p(i) = i + 0*i**2 - 2*i**d - 2*i**2 + 3*i**2. Determine p(2).
-2
Let o(s) = s**3 - 3*s**2 - 4*s + 6. Suppose k + 12 = 4*k. Determine o(k).
6
Let x(i) = 2*i + 7. Let u(r) = -r**3 + r**2 + r - 5. Let k = -1 - -1. Let g be u(k). Let l(c) = -c - 3. Let o(p) = g*l(p) - 2*x(p). Determine o(2).
3
Let p(w) = -26*w**2 - w -